 Let v(h) = -3*h - 8*h - 3 + 7*h. Give v(s).
5
Let h(a) = 98*a + 101*a - 201*a + 7 - 6. Give h(9).
-17
Let n(j) = j**3 - 5*j**2 + 0 - j + 1 + 9*j**2 + 2. Let u(q) = q**3 + 3*q**2 - 3*q. Let r be u(-4). Determine n(r).
7
Let z(t) be the third derivative of t**7/2520 + t**6/240 - t**5/120 - t**4/24 - 12*t**2. Let w(f) be the second derivative of z(f). Determine w(-4).
3
Let v be (-1)/(4/(-8)) - 2. Let o be v*4/(-16)*2. Let a(i) be the second derivative of i**5/20 - 3*i**2 + 5*i. Give a(o).
-6
Suppose 3*l - 11 - 34 = 0. Let q be ((-32)/80)/((-1)/l). Let x(h) = h**2 - 4*h - 6. Give x(q).
6
Let b(o) = o**3 + 7*o**2 - 7*o - 6. Let u = 26 - 20. Let h be u/(-2) + -14 + 9. Give b(h).
-14
Suppose 0 = -5*d - 16 + 1. Let u = 4 + d. Let i(r) = -8*r**2 - 9*r + 2. Let s(v) = 4*v**2 + 5*v - 1. Let h(m) = -3*i(m) - 5*s(m). Give h(u).
5
Let m(w) = 296 - 276 - 14*w**3 + w**2 + 15*w**3. Calculate m(0).
20
Let t(b) = -3*b**2 + 10*b + 1. Let f(k) = 4*k**2 - 11*k - 1. Let m(r) = 4*f(r) + 5*t(r). Let y be (-14)/63 - (-61)/(-9). Determine m(y).
8
Suppose -15 = -2*j - 3*j. Let x(c) = -3*c - 7. Let n(t) = 3*t + 7. Let u(a) = j*x(a) + 4*n(a). Calculate u(-5).
-8
Let p(g) be the first derivative of g**4/4 - 8*g**3/3 + 3*g**2 + 7*g + 18. Determine p(7).
0
Let w(n) = -n**2 + n. Let u be w(2). Let h(q) = -8 + 8 - q**3 - 2 + q**2. What is h(u)?
10
Suppose -3*a - 3*t + 18 = 0, 3*a + t = 4 + 4. Suppose -19 = -3*v - a. Let r(s) be the first derivative of -3*s**2/2 + 9*s + 1. Give r(v).
-9
Let r(n) = -n**3 + 30*n**2 - 28*n - 34. Let w(z) = -z**2 + 32*z - 191. Let p be w(10). What is r(p)?
-5
Let n(h) = -h**2 + 14*h - 1. Let s be n(13). Let a = s - 12. Let m(p) = -2 + 3*p + p**2 - 9 + a*p**2 + 8. Give m(-4).
1
Let b(w) = w**2 - 11*w + 2. Let m be 18*(4/14 + 368/966). Calculate b(m).
14
Let o(k) = k**3 - 6*k**2 + k - 7. Let r be (6 + -6)/(-3 + 1). Suppose 25 = a - 0*a + 2*f, 2*f - 4 = r. Suppose -a - 3 = -4*l. Calculate o(l).
-1
Let d be (22/(-4)*2)/(-1). Suppose 0 = 2*y - 3*s + d + 7, 2*y + 2*s = 2. Let v(r) = -r. Let z(u) = -9*u - 3. Let n(q) = -6*v(q) + z(q). Determine n(y).
6
Suppose -30 = -2*n - 4*l, 5*n + 3*l - 55 = -2*l. Let a(o) = 3*o - 2*o - n*o**2 + 9*o - o**3 + 10. Give a(-8).
-6
Let u(g) = 9*g - 1. Suppose 2*x - 55 + 59 = 0. Let t be x - -4 - (7 - 2). Calculate u(t).
-28
Suppose 0 = -5*b - 5, -24 = 2*a - 7*a + 4*b. Suppose a*f + 8 = 4*q, -4*q - q + 16 = -3*f. Let v(i) = i**3 + 9*i**2 + 5 - 8*i**2 - q*i**2 + 0*i**3. What is v(4)?
5
Let n be ((-2)/3)/((-2)/9). Let o(m) = 6 - 2*m - m**3 + 0*m**n + 9*m + 6*m**2. Let i be 180/20 - (-6 + 8). Determine o(i).
6
Suppose -p = 4*v - 4, 0 = 4*v + 3*p - 11 - 1. Let n(c) be the third derivative of 7/30*c**5 - 10*c**2 + 0 + 1/6*c**3 + v*c + 1/24*c**4. What is n(-1)?
14
Let a(w) = -4*w + 18. Let u(t) = t. Let r(c) = -a(c) - 5*u(c). Determine r(-15).
-3
Let o(x) = -x + 10. Suppose 36 = 3*i + 3*i. Determine o(i).
4
Suppose -15*h + 30*h = -2550. Let w = -176 - h. Let g(a) = 2*a + 8. Let x(q) = 2*q + 7. Let d(s) = 2*g(s) - 3*x(s). What is d(w)?
7
Let y(d) = -12*d + 2. Let l(c) = -3*c**2 + 6*c + 7. Let i be l(-1). Calculate y(i).
26
Let j(y) = -2*y**2. Let z(n) = -5*n**2 + 12*n + 8. Let b(i) = 3*j(i) - z(i). Determine b(-9).
19
Let j(m) = m**2 - 4*m - 6. Suppose -4*y - 5*g = -4, 4*y = 2*g - 7 + 39. Give j(y).
6
Let b(a) = -a**3 - a + 3. Let r(w) = -5*w**3 - 8*w**2 - 16*w + 5. Let l(j) = -4*b(j) + r(j). Determine l(-6).
-7
Let b be 0 - -14 - ((-4 - -8) + -2). Let q be 38/(-9) - b/(-54). Let r(k) = k**3 + 4*k**2 + k - 3. Give r(q).
-7
Suppose 42 = 52*b + 5*b - 15. Let x(i) = 8*i - i + 12*i. Calculate x(b).
19
Suppose 0 = 17*j + 26*j - 11*j + 224. Let x(g) = g**2 - 7*g + 5*g - 1 + 10*g. Determine x(j).
-8
Let b(p) = p**3 + 4*p**2 - 4*p - 1. Let w(r) be the first derivative of -r**4/4 - 8*r**3/3 + 6*r**2 + 22*r - 15. Let m be w(-9). Determine b(m).
-6
Let n = -92 - -108. Let g = n - 21. Let f(o) = 2*o - 10*o - o**2 - 6 + 0. What is f(g)?
9
Let k(p) be the first derivative of -p**3/3 - p**2 + 3*p - 33. Let g = -7 - -4. Give k(g).
0
Let o(a) be the third derivative of -a**3/6 + 30*a**2. Let c(n) = -n + 2. Let m(q) = c(q) - 4*o(q). Give m(4).
2
Let u(m) be the third derivative of -m**5/60 + m**4/12 + 11*m**3/3 - 762*m**2. What is u(7)?
-13
Let t be 1*4/6*3. Let l = 27 + -22. Let y(j) = -1 - 6*j - l*j + 3 + 10*j. Give y(t).
0
Let k = 1678 - 1685. Let w(l) = -l**3 - 5*l**2 + 13*l - 1. Give w(k).
6
Let l(p) = -11*p**3 - p**2 + p - 1. Let t be ((-84)/70)/((-4)/(-10)). Let f be (t/4)/((-5)/240). Let k be (3/(-2))/(f/(-24)). Determine l(k).
-12
Suppose 0 - 2 = 2*h. Let o be h/(-5) + 18/10. Let g(k) = -11662*k + 11662*k + k**3 + 1. What is g(o)?
9
Let k = -1829 + 1821. Let i(q) = q**2 + 6*q - 1. Calculate i(k).
15
Let d(z) be the third derivative of -z**5/60 - z**4/6 + 5*z**3/6 + z**2. Suppose -j - 3*s = 22, 5*s + 46 = 8*j - 12*j. Give d(j).
5
Let p(x) = 4*x - 1. Let m be p(1). Let k be m/(-2)*40/(-15). Suppose 3*a + 3*f - 3 = -6, 0 = 2*a - k*f - 4. Let c(r) = r**3 + r - 10. Calculate c(a).
-10
Let f(x) = 76*x**2 - 25*x - 7. Let o(r) = 35*r**2 - 12*r - 4. Let c(q) = 6*f(q) - 13*o(q). Determine c(-8).
26
Let l = 24 + -3. Let q = l - 16. Suppose q*a = -2*s - 31, -3*a + 27 = -6*a - 4*s. Let h(n) = n**2 + 5*n - 6. Determine h(a).
-6
Suppose 3*g - x = 2*x + 6, 2*g + 4*x + 14 = 0. Let o(u) = 4*u - 1. What is o(g)?
-5
Let k(d) = d**3 + 4*d**2 - 5*d - 5. Suppose 0 = 4*j + 5*o - 3*o + 10, -3*j + 15 = -3*o. Let m(u) = u**3 - u - 5. Let z be m(j). Calculate k(z).
-5
Let z(j) = -j - 6. Let o(h) = h**3 + 4*h**2 - 20*h - 71. Let q be o(-5). What is z(q)?
-10
Let h = 16 + -12. Suppose -2*k = -6 - h. Suppose 2*o = -5*r - k, -1 = -4*o - 5*r + 4. Let s(y) = -y**3 + 6*y**2 - 5*y + 6. Give s(o).
6
Let p(g) = -g**3 - 16*g**2 - 14*g + 21. Let w be (-18 - -48)*(-1)/2. Let h be p(w). Let l(n) = -n + 3. Calculate l(h).
-3
Let z = -326 - -330. Let d(w) be the first derivative of -1/4*w**z - 2/3*w**3 + w**2 + 2*w + 1. Calculate d(-3).
5
Suppose 0 = 3*u - 5 - 10. Suppose 9 = -2*q + 3*q. Suppose u*m + 2*s = 2 - q, 0 = 2*m + 3*s + 5. Let t(d) = 4*d**2 - d. What is t(m)?
5
Let u(g) = -g**3 + 11*g**2 - g + 8. Let o be 0 - 4 - (-8 - 7). What is u(o)?
-3
Let v(a) = -a**2 + 12*a + 10. Let o(z) = -3*z - 106. Let q be o(-39). Give v(q).
21
Let r = 3 + -5. Let j(m) be the first derivative of m**5/20 - m**4/12 - m**3/6 - 6*m + 12. Let d(v) be the first derivative of j(v). What is d(r)?
-10
Let g(o) = 2*o + 1. Let z(k) = 6*k + 5. Let n(c) = 10*g(c) - 2*z(c). Let p be (1 + -1)*1/2. Let v be (0 - 2) + p - -4. Determine n(v).
16
Let d(g) = -g**3 + 3*g**2 - 2*g - 4. Let v be d(3). Let l = -4 - v. Let i(q) be the first derivative of -q**2/2 + 6. Calculate i(l).
-6
Let y(a) be the first derivative of -a**2 + 16*a + 4. Let v be y(7). Let m(d) = -2*d**2 - d + 1. Determine m(v).
-9
Suppose -4*m + 38*w - 36*w + 16 = 0, 5*m - 29 = -2*w. Let a(i) = -i**2 + 4*i - 1. Give a(m).
-6
Let i(x) = -4*x**2 + x - 13. Let a(u) = -3*u**2 - u - 9. Let y(k) = 5*a(k) - 4*i(k). Let v be (2*-1)/2*-7. Let h be 6/v*7/1. Determine y(h).
-11
Suppose -5*k - 13 = -18*k. Suppose 2*s - k = s. Let r(b) = 8*b**2 + b. Calculate r(s).
9
Let f be -1 - (-282)/30 - 6/15. Let t(s) = -s**3 + 9*s**2 - 9*s - 9. Determine t(f).
-17
Let p(x) = -5 - 2*x + 7 - 12. Let v(t) = 3*t + 15. Let b(s) = -7*p(s) - 5*v(s). Let k(h) = -h**2 + 2*h. Let m be k(4). Determine b(m).
3
Suppose 6*p - 8 = 22. Let x = p + 1. Let f(a) = a - 5. Determine f(x).
1
Let u(d) = -d - 7. Let l(z) = -4 + 4*z - 6 - 5*z + 2. Let n(v) = 2*l(v) - 3*u(v). Let t(g) = g**2 - 10*g + 12. Let k be t(8). What is n(k)?
1
Suppose -4*d + 25 = -5*q + 2*q, q = 3*d - 15. Suppose 5*f = -1 + 41. Let n(m) = f - m**2 - 4 + 2*m**2 - 5*m. What is n(d)?
0
Let l(m) = -m + 4. Suppose -d - 3*p + 14 = 0, -4*p + 14 = 3*d - 4*d. Let x be 12 - 18/9 - 2*d. What is l(x)?
-2
Let b(x) = -24*x + 101. Let t be b(4). Let l(g) = -16*g + 7. Calculate l(t).
-73
Let q(x) = -x**3 - 16*x**2 + 16*x - 25. Let h be (102/9)/(4/(-6)). Let a be q(h). Let z(d) = d**2 + 6*d - 9. Determine z(a).
7
Let a = -24 + 109. Let n(y) = 5*y**2 - 85*y + a*y. Give n(-1).
5
Suppose 2*n - 13*n = -22. Let i(r) be the second derivative of -1/20*r**5 + 5/12*r**4 + 0 - r**3 + 4*r + 2*r**n. Calculate i(4).
-4
Let a(q) be the third derivati